u*g - 1430. Is (-12)/114 - g/(-57) prime?
False
Let z = 53 - 48. Suppose 0 = -z*i - 5*k + 830, -2*i + 5*k + 619 = 2*i. Is i prime?
False
Is ((-14)/(-21))/(2 - (-1727472)/(-863739)) a prime number?
True
Let y = 75 + -70. Suppose 4*g + 5*f - 4188 = 0, 0 = y*g + f - 4880 - 334. Is g a prime number?
False
Suppose 9*f - 3092 = 1273. Is f a composite number?
True
Let h = -273 - -430. Let z = -102 + h. Is z a composite number?
True
Let r(h) be the third derivative of h**4/24 + 33*h**3 + 4*h**2. Let z be r(0). Suppose -4*n = z - 538. Is n prime?
False
Let v = -209 + 388. Let w be (-670)/6 + (-6)/18. Let a = w + v. Is a a prime number?
True
Is ((-45)/(-135))/(2/(-123612)*-2) prime?
True
Suppose 0 = -3*q - 166 - 1871. Let c = q + 1600. Is c a prime number?
False
Suppose 0 = 4*g + 127 + 505. Let s be 3 + ((-16)/(-2))/(-4). Is 7*(g/(-7))/s prime?
False
Let s be 1 + -1 + -1 + 4. Suppose -3*c = s, -c + 0*c - 381 = -4*a. Is a a prime number?
False
Let r(a) = -7*a**3 - 4*a**2 - 9*a + 4. Let i(n) = 8*n**3 + 4*n**2 + 8*n - 5. Let q(s) = 5*i(s) + 6*r(s). Is q(-8) a composite number?
True
Let s(m) = 41*m**2 + 26*m + 30. Is s(13) composite?
False
Let i(x) = -x**3 + 11*x**2 + x - 7. Let b(a) = a + 24. Let m be b(-13). Let h be i(m). Suppose 0 = h*z - 477 - 687. Is z a prime number?
False
Suppose 416 = -3*d - d. Let v be (d/(-12))/(2/(-27)). Let m = -20 - v. Is m prime?
True
Suppose -49*p + 51*p = -5*a + 22004, 5*a = 5*p - 55010. Is p a composite number?
True
Let f(d) be the first derivative of d**2 - 8*d - 4. Let n be f(4). Suppose 5*p - o - 1476 = -2*o, 4*o - 4 = n. Is p a composite number?
True
Let u(y) = -y**2 - 8*y + 6. Let h be u(-9). Is 2 + (1 + h)*-28 composite?
True
Let o = 1 + -4. Let k(a) = 14 + 4*a - 12 + a - 3*a + 13*a**2. Is k(o) composite?
False
Suppose -11*t = -15*t - 192. Let v = 211 + t. Is v composite?
False
Is 3338*(-2)/(-32)*8 prime?
True
Let i be (-1 - -1 - 2631)/(3/(-2)). Suppose 3*x = -5*w + 3*w + i, 2*x = 4*w + 1180. Is x a prime number?
False
Suppose 2*n + 3*n = 0. Suppose -3*p - 7 + 1 = n. Is (1/3)/(p/(-1842)) a prime number?
True
Let y(m) = 5*m + 23 - 26 - m**3 + 0*m - 4*m**2. Let c be y(-7). Suppose -s - 351 = -h - c, 0 = 5*h - 3*s - 1204. Is h prime?
True
Let u(g) = -g**3 - g**2 - g + 4. Let k be u(3). Let z = k + 114. Is z prime?
True
Let v be (40/12)/5*3603/1. Let x = 5341 - v. Is x a prime number?
True
Suppose -21*p = -23*p + 230. Is p/(-2)*24/(-12) a composite number?
True
Suppose 2*b + 3*t - 1466 = 0, 4*b - 4*t - t - 2976 = 0. Is b prime?
True
Let m(w) = -8*w**2 - 6*w + 9. Let p(z) = z**2 - z - 1. Let n(r) = -m(r) - 2*p(r). Is n(-11) a composite number?
False
Let a be 12/16 - (-27)/12. Suppose 478 = 2*n - a*h + 7*h, 3*n + h = 707. Is n a prime number?
False
Let t(u) = -146*u + 103*u - 193*u - 3. Is t(-1) a prime number?
True
Let z = -1016 + 124. Let y = z - -5003. Is y a prime number?
True
Suppose 2*j - 2*d + 5025 = 14271, -2*d = -j + 4627. Is j prime?
False
Is (8/(-12))/((20/(-203538))/5) prime?
True
Suppose -3*d = -2*m + 23, -4*d + 2*d = -2*m + 18. Suppose -m*l = 2*l - 16662. Is l prime?
True
Let s be (546/(-28))/((-1)/42). Suppose 3*g + 6*g - s = 0. Is g composite?
True
Let n = 198 - 199. Let f(s) be the third derivative of -123*s**4/2 + s**3/6 + 2*s**2. Is f(n) composite?
True
Let g = 352 - 183. Suppose 0 = j - 3*k - g, 0 = 2*j - k - 165 - 153. Is j prime?
True
Let h be (-30)/(-4) - (-3)/(-6). Suppose 2*g - h*g + 70 = 0. Suppose 0 = -19*r + g*r + 635. Is r composite?
False
Suppose -3*f + 10979 = -5*u - 32054, -f = -4*u - 14349. Is f a composite number?
False
Let q be (-5)/(-5) + 1 - -4. Suppose t = q*t + 15, 4*p - 3245 = -5*t. Let j = p + -357. Is j composite?
True
Suppose -7*k + 1999 + 4707 = 0. Is k a prime number?
False
Let i be ((-4)/6)/((-2)/9). Suppose -i*y + 1088 = y. Let r = y - 183. Is r a prime number?
True
Suppose -2*v + 773 = -i + 4*i, -1935 = -5*v - 5*i. Suppose 8*w = 15*w - 14. Suppose w*o = 6*o - v. Is o a composite number?
False
Let p(h) = -h**3 - 15*h**2 + 15*h - 14. Let y be p(-16). Suppose y*z - 3*z = -159. Is z a composite number?
True
Let k = 3729 + 10378. Is k composite?
False
Suppose 12*w + 874 = -638. Is (-183798)/w + 3/(42/4) prime?
True
Let f(i) be the third derivative of -8*i**4/3 - i**3/2 + 34*i**2. Is f(-6) prime?
False
Let w(b) = -b**3 - b**2 - b + 1. Suppose 3*v = 4*r - 48, -5*v - 2 = 18. Suppose -15 = 5*j - 2*z + r, 5*z - 10 = 0. Is w(j) a composite number?
False
Let p(y) = -3*y - 12. Let d be p(-5). Suppose -328 = -d*s + 305. Suppose -5*l + l + 3*f = -s, -3*f = -2*l + 101. Is l a prime number?
False
Let w be ((-5)/5)/((-2)/4). Let t be ((-22)/4)/(2/(-24)). Suppose t = w*h - 32. Is h composite?
True
Let b(a) = 2*a**2 - a + 6449. Is b(0) composite?
False
Is 154/231*((-26151)/(-2) - 0) composite?
True
Let r(i) = 122*i**2 + 2*i + 1. Let y be r(4). Suppose 3*c = d + 10245, 3*c - 12206 + y = 2*d. Is c a composite number?
True
Let f be 1*(-6)/(-2) + 2. Let c(p) = 80*p**2 - 5*p - 2. Is c(f) a composite number?
False
Let d be 2*1*1510/4. Let b = d - -269. Let c = 1815 - b. Is c a composite number?
True
Let m(r) = 61*r - 2. Let k(a) = a**3 - 7*a**2 + 7*a + 5. Let x be k(6). Is m(x) a composite number?
True
Let s = 41 - 49. Let m(r) = -21*r + 10. Is m(s) prime?
False
Let z = -258 - -367. Suppose 4*k - 103 = -3*n, 3*n = -0*k - k + z. Is n prime?
True
Let u(o) = 6*o**2 - 100*o + 1. Is u(55) a prime number?
False
Let z(w) = -w + 2. Let r be z(-2). Suppose -5*m = y - 88 - 49, r*y = -12. Let o = m - -15. Is o a composite number?
False
Let h = -62 - -63. Is ((149/(-4))/(8/(-32)))/h prime?
True
Suppose -2*m - 23239 = -3*d + 3*m, 3*d = -2*m + 23267. Is d prime?
True
Let d be (-1)/((-4)/10)*2. Let j(q) = 2 + q**2 + 0*q**2 + 0*q - q**3 + 4*q - d. Is j(-5) composite?
False
Let q(v) = -1250*v - 39. Is q(-14) prime?
False
Suppose 0*t = -t. Suppose -6*f + 4*f = t. Let n(m) = m**2 + m + 77. Is n(f) a composite number?
True
Suppose 38*y + 20*y = 427402. Is y a composite number?
False
Suppose -4*b + 3*b + 5*n = -2440, 3*b + n - 7304 = 0. Is b prime?
False
Let y(o) = -o**3 - 18*o**2 + 13*o + 20. Let n be y(-17). Let r = 1369 + n. Is r a prime number?
False
Suppose 20*u - 27*u = 399. Is (-46449)/u - 14/(-133) composite?
True
Suppose 4*u - 16 = -0*u. Suppose -u*y + 591 = -605. Let q = y - 166. Is q a prime number?
False
Suppose -3*c = 3, -3*h = -h + 3*c - 1419. Let s = h - 232. Is s prime?
True
Suppose 9 = 8*c - 23. Let s(r) = -r + c*r**2 - 4 + 5*r - r + 5. Is s(-8) a prime number?
True
Let z(j) = -2 + 0 + 148*j + 1446*j + 1465*j. Is z(1) composite?
True
Is (7 + 306045/18)*2 composite?
False
Suppose 2*z - b + 40 = 4*b, -3*z = -b + 34. Let o(t) = t + 13. Let f be o(z). Suppose -532 = -f*m - m. Is m a prime number?
False
Let x(j) = -j**2 - 2. Let m be x(0). Let s be 3/m - 3432/(-16). Suppose -25 = -5*r, 2*n - 4*r = s + 189. Is n a prime number?
True
Let f(b) = 5*b + 2. Let x be -6*((-2)/3 - -2). Let g = x + 12. Is f(g) prime?
False
Let u(g) = -2 - g - 3 + 12*g**3 + g**2 + 3. Let d be u(-1). Let i(y) = y**2 + y - 5. Is i(d) a prime number?
True
Let q(j) = -j**3 - 6*j**2 + 10*j + 5. Let z(o) = 3*o + 1. Suppose -6*p = -3*p + 4*h - 7, -p + 17 = 5*h. Let f be z(p). Is q(f) a composite number?
False
Let i = -1573 - -7154. Is i a prime number?
True
Is (-95455620)/(-364) - (-3)/(42/4) a prime number?
False
Suppose -6*t + 4*t - y + 15342 = 0, 30692 = 4*t + 4*y. Is t prime?
True
Let t(j) = 2*j + 1 + 22 - 14. Suppose -y + 3*h = 2*y - 54, -h = 4. Is t(y) a prime number?
True
Is -5 - (144/(-324) + 10508/(-9)) a prime number?
True
Let n = 19 + -15. Suppose 2*x + 306 = n*v, -v - 4*x - x + 82 = 0. Suppose -4*i + 3 = z - v, 0 = -i - z + 23. Is i a composite number?
False
Let i(o) be the first derivative of o**5/20 + 445*o**2/2 + 3*o + 5. Let j(d) be the first derivative of i(d). Is j(0) composite?
True
Let z(y) = y**3 + 6*y**2 - 2*y - 7. Let i be z(-6). Let m(j) = 118*j - 4. Is m(i) prime?
False
Let t = 426 + 2370. Is (-2)/(2 - (t/(-2804) - -3)) composite?
False
Let o(h) = -5776*h + 99. Is o(-5) prime?
True
Let o(l) = 8*l**2 + l - 1. Let t(c) = c - 3. Let y be t(5). Is o(y) composite?
True
Suppose -3*f + 19 + 11 = 0. Let x = 8 - f. Is (-1004)/x + 3 + -6 a prime number?
True
Let o = -26 - -28. Let i(d) = 2*d**3 + d**2 - 3*d. Let y be i(-10)